{"id":11172,"date":"2024-09-04T10:40:40","date_gmt":"2024-09-04T08:40:40","guid":{"rendered":"http:\/\/www.mozaiko.ch\/?post_type=product&#038;p=11172"},"modified":"2024-10-11T23:11:58","modified_gmt":"2024-10-11T21:11:58","slug":"mozaiko-42frdg","status":"publish","type":"product","link":"https:\/\/www.mozaiko.ch\/?product=mozaiko-42frdg","title":{"rendered":"MOZAIKO 42FRDG"},"content":{"rendered":"<p>Toucher et visuel glac\u00e9s pour ce sac hyper \u00e9l\u00e9gant. Le design FROST met en valeur vos tenues de jour comme de nuit !<br \/>\nDimensions :42.5 x 28 x 10.5cm<br \/>\nGamme : Frost<br \/>\nCouleur : Dark Grey<\/p>\n","protected":false},"excerpt":{"rendered":"<p>Toucher et visuel glac\u00e9s pour ce sac hyper \u00e9l\u00e9gant. Le design FROST met en valeur vos tenues de jour comme de nuit !<br \/>\nDimensions :42.5 x 28 x 10.5cm<br \/>\nGamme : Frost<br \/>\nCouleur : Dark Grey<\/p>\n","protected":false},"featured_media":32853,"template":"","meta":[],"product_brand":[],"product_cat":[67,38,45],"product_tag":[],"class_list":{"0":"post-11172","1":"product","2":"type-product","3":"status-publish","4":"has-post-thumbnail","6":"product_cat-grandsformats","7":"product_cat-sacs-a-main","8":"product_cat-sacs-porte-epaule","10":"first","11":"instock","12":"sale","13":"taxable","14":"shipping-taxable","15":"purchasable","16":"product-type-simple"},"jetpack_sharing_enabled":true,"_links":{"self":[{"href":"https:\/\/www.mozaiko.ch\/index.php?rest_route=\/wp\/v2\/product\/11172","targetHints":{"allow":["GET"]}}],"collection":[{"href":"https:\/\/www.mozaiko.ch\/index.php?rest_route=\/wp\/v2\/product"}],"about":[{"href":"https:\/\/www.mozaiko.ch\/index.php?rest_route=\/wp\/v2\/types\/product"}],"wp:featuredmedia":[{"embeddable":true,"href":"https:\/\/www.mozaiko.ch\/index.php?rest_route=\/wp\/v2\/media\/32853"}],"wp:attachment":[{"href":"https:\/\/www.mozaiko.ch\/index.php?rest_route=%2Fwp%2Fv2%2Fmedia&parent=11172"}],"wp:term":[{"taxonomy":"product_brand","embeddable":true,"href":"https:\/\/www.mozaiko.ch\/index.php?rest_route=%2Fwp%2Fv2%2Fproduct_brand&post=11172"},{"taxonomy":"product_cat","embeddable":true,"href":"https:\/\/www.mozaiko.ch\/index.php?rest_route=%2Fwp%2Fv2%2Fproduct_cat&post=11172"},{"taxonomy":"product_tag","embeddable":true,"href":"https:\/\/www.mozaiko.ch\/index.php?rest_route=%2Fwp%2Fv2%2Fproduct_tag&post=11172"}],"curies":[{"name":"wp","href":"https:\/\/api.w.org\/{rel}","templated":true}]}}