{"id":2221,"date":"2020-02-09T16:38:15","date_gmt":"2020-02-09T15:38:15","guid":{"rendered":"http:\/\/www.mozaiko.ch\/?post_type=product&#038;p=2221"},"modified":"2024-10-07T09:47:40","modified_gmt":"2024-10-07T07:47:40","slug":"mozaiko-ban-a-lu","status":"publish","type":"product","link":"https:\/\/www.mozaiko.ch\/?product=mozaiko-ban-a-lu","title":{"rendered":"Mozaiko BANALU"},"content":{"rendered":"<p><span data-sheets-value=\"{&quot;1&quot;:2,&quot;2&quot;:&quot;Lumineux ! Ce sac banane r\u00e9fl\u00e9chit la lumi\u00e8re ! Sobre et chic le jour, lumineux au soleil, festif la nuit ! Dimensions : 21x10cms Gamme : Lumineux Logo A\u00efko Ceinture : 2.5 cms \u00e9p. Jusqu'\u00e0 117cm de long&quot;}\" data-sheets-userformat=\"{&quot;2&quot;:14785,&quot;3&quot;:[null,2,&quot;_(&quot;$&quot;* #,##0.00_);_(&quot;$&quot;* (#,##0.00);_(&quot;$&quot;* &quot;-&quot;??_);_(@_)&quot;,1],&quot;9&quot;:0,&quot;10&quot;:1,&quot;11&quot;:4,&quot;14&quot;:[null,2,0],&quot;15&quot;:&quot;Calibri&quot;,&quot;16&quot;:9}\" data-sheets-formula=\"=RECHERCHEV(R[0]C[-2];forsale!R4C1:R324C20;6;FAUX)\">Lumineux !<br \/>\nCe sac banane r\u00e9fl\u00e9chit la lumi\u00e8re !<br \/>\nSobre et chic le jour, lumineux au soleil, festif la nuit !<br \/>\nDimensions : 21x10cms<br \/>\nGamme : Lumineux<br \/>\nLogo A\u00efko<br \/>\nCeinture : 2.5 cms \u00e9p. Jusqu&rsquo;\u00e0 117cm de long <\/span><\/p>\n","protected":false},"excerpt":{"rendered":"<p><span data-sheets-value=\"{&quot;1&quot;:2,&quot;2&quot;:&quot;Lumineux ! Ce sac banane r\u00e9fl\u00e9chit la lumi\u00e8re ! Sobre et chic le jour, lumineux au soleil, festif la nuit ! Dimensions : 21x10cms Gamme : Lumineux Logo A\u00efko Ceinture : 2.5 cms \u00e9p. Jusqu'\u00e0 117cm de long&quot;}\" data-sheets-userformat=\"{&quot;2&quot;:14785,&quot;3&quot;:[null,2,&quot;_(&quot;$&quot;* #,##0.00_);_(&quot;$&quot;* (#,##0.00);_(&quot;$&quot;* &quot;-&quot;??_);_(@_)&quot;,1],&quot;9&quot;:0,&quot;10&quot;:1,&quot;11&quot;:4,&quot;14&quot;:[null,2,0],&quot;15&quot;:&quot;Calibri&quot;,&quot;16&quot;:9}\" data-sheets-formula=\"=RECHERCHEV(R[0]C[-2];forsale!R4C1:R324C20;6;FAUX)\">Lumineux !<br \/>\nCe sac banane r\u00e9fl\u00e9chit la lumi\u00e8re !<br \/>\nSobre et chic le jour, lumineux au soleil, festif la nuit !<br \/>\nDimensions : 21x10cms<br \/>\nGamme : Lumineux<br \/>\nLogo A\u00efko<br \/>\nCeinture : 2.5 cms \u00e9p. Jusqu&rsquo;\u00e0 117cm de long <\/span><\/p>\n","protected":false},"featured_media":32194,"template":"","meta":[],"product_brand":[],"product_cat":[39,44],"product_tag":[],"class_list":{"0":"post-2221","1":"product","2":"type-product","3":"status-publish","4":"has-post-thumbnail","6":"product_cat-sacs-banane","7":"product_cat-sacs-bandouliere","9":"first","10":"instock","11":"taxable","12":"shipping-taxable","13":"purchasable","14":"product-type-simple"},"jetpack_sharing_enabled":true,"_links":{"self":[{"href":"https:\/\/www.mozaiko.ch\/index.php?rest_route=\/wp\/v2\/product\/2221","targetHints":{"allow":["GET"]}}],"collection":[{"href":"https:\/\/www.mozaiko.ch\/index.php?rest_route=\/wp\/v2\/product"}],"about":[{"href":"https:\/\/www.mozaiko.ch\/index.php?rest_route=\/wp\/v2\/types\/product"}],"wp:featuredmedia":[{"embeddable":true,"href":"https:\/\/www.mozaiko.ch\/index.php?rest_route=\/wp\/v2\/media\/32194"}],"wp:attachment":[{"href":"https:\/\/www.mozaiko.ch\/index.php?rest_route=%2Fwp%2Fv2%2Fmedia&parent=2221"}],"wp:term":[{"taxonomy":"product_brand","embeddable":true,"href":"https:\/\/www.mozaiko.ch\/index.php?rest_route=%2Fwp%2Fv2%2Fproduct_brand&post=2221"},{"taxonomy":"product_cat","embeddable":true,"href":"https:\/\/www.mozaiko.ch\/index.php?rest_route=%2Fwp%2Fv2%2Fproduct_cat&post=2221"},{"taxonomy":"product_tag","embeddable":true,"href":"https:\/\/www.mozaiko.ch\/index.php?rest_route=%2Fwp%2Fv2%2Fproduct_tag&post=2221"}],"curies":[{"name":"wp","href":"https:\/\/api.w.org\/{rel}","templated":true}]}}