{"id":6761,"date":"2022-12-03T16:48:50","date_gmt":"2022-12-03T15:48:50","guid":{"rendered":"http:\/\/www.mozaiko.ch\/?post_type=product&#038;p=6761"},"modified":"2024-10-07T08:46:23","modified_gmt":"2024-10-07T06:46:23","slug":"mozaiko-walletsoiduck","status":"publish","type":"product","link":"https:\/\/www.mozaiko.ch\/?product=mozaiko-walletsoiduck","title":{"rendered":"Mozaiko Walletsoiduck"},"content":{"rendered":"<p>Porte feuille &amp; Micro sac, Finition Frost Dark Grey<br \/>\nDimensions : 20,5&#215;10,5&#215;2 cms<br \/>\nGamme : Silk<br \/>\nCouleur : Bleu canard<\/p>\n<p>MOZAIKO ce sont des sacs hyper l\u00e9gers, mais tr\u00e8s r\u00e9sistants. Des finitions de qualit\u00e9.<br \/>\nL&rsquo;assemblage est r\u00e9alis\u00e9 par thermo soudage (pas de colle !)<br \/>\nImpermeable, fourni avec sa pochette de rangement, rangement \u00e0 plat, cha\u00eene r\u00e9glable pour toutes les hauteurs de port&#8230;.<\/p>\n","protected":false},"excerpt":{"rendered":"<p>Porte feuille &amp; Micro sac, Finition Frost Dark Grey<br \/>\nDimensions : 20,5&#215;10,5&#215;2 cms<br \/>\nGamme : Silk<br \/>\nCouleur : Bleu canard<\/p>\n","protected":false},"featured_media":32578,"template":"","meta":[],"product_brand":[],"product_cat":[43,55,44],"product_tag":[],"class_list":{"0":"post-6761","1":"product","2":"type-product","3":"status-publish","4":"has-post-thumbnail","6":"product_cat-minisacs","7":"product_cat-portefeuilles","8":"product_cat-sacs-bandouliere","10":"first","11":"instock","12":"taxable","13":"shipping-taxable","14":"purchasable","15":"product-type-simple"},"jetpack_sharing_enabled":true,"_links":{"self":[{"href":"https:\/\/www.mozaiko.ch\/index.php?rest_route=\/wp\/v2\/product\/6761","targetHints":{"allow":["GET"]}}],"collection":[{"href":"https:\/\/www.mozaiko.ch\/index.php?rest_route=\/wp\/v2\/product"}],"about":[{"href":"https:\/\/www.mozaiko.ch\/index.php?rest_route=\/wp\/v2\/types\/product"}],"wp:featuredmedia":[{"embeddable":true,"href":"https:\/\/www.mozaiko.ch\/index.php?rest_route=\/wp\/v2\/media\/32578"}],"wp:attachment":[{"href":"https:\/\/www.mozaiko.ch\/index.php?rest_route=%2Fwp%2Fv2%2Fmedia&parent=6761"}],"wp:term":[{"taxonomy":"product_brand","embeddable":true,"href":"https:\/\/www.mozaiko.ch\/index.php?rest_route=%2Fwp%2Fv2%2Fproduct_brand&post=6761"},{"taxonomy":"product_cat","embeddable":true,"href":"https:\/\/www.mozaiko.ch\/index.php?rest_route=%2Fwp%2Fv2%2Fproduct_cat&post=6761"},{"taxonomy":"product_tag","embeddable":true,"href":"https:\/\/www.mozaiko.ch\/index.php?rest_route=%2Fwp%2Fv2%2Fproduct_tag&post=6761"}],"curies":[{"name":"wp","href":"https:\/\/api.w.org\/{rel}","templated":true}]}}